{"id":3,"date":"2024-04-22T10:59:03","date_gmt":"2024-04-22T08:59:03","guid":{"rendered":"https:\/\/motesasl.com\/?page_id=3"},"modified":"2024-05-07T15:10:41","modified_gmt":"2024-05-07T13:10:41","slug":"politica-privacidad","status":"publish","type":"page","link":"https:\/\/motesasl.com\/en\/politica-privacidad\/","title":{"rendered":"Aviso legal"},"content":{"rendered":"<h4 class=\"wp-block-heading has-text-align-left\">Aviso legal<\/h4>\n\n\n\n<p>Informaci\u00f3n general para dar cumplimiento a la Ley de Internet 34\/2002:\u2028<br>Titular: MOTESA, S.L.<br>CIF: B32104150<br>Direcci\u00f3n: Pol\u00edgono Industrial de San Cipri\u00e1n de Vi\u00f1as, Calle 4 &#8211; Parcela 21E 32901&nbsp; Ourense<br>Tel\u00e9fono: +34 988 38 45 45&nbsp;&nbsp;<br>Fax: +34 988 38 49 57&nbsp;&nbsp;<br>E-mail:&nbsp;motesasl@gmail.com<br>MOTESA, S.L.&nbsp;es propietaria del nombre de dominio y p\u00e1ginas en Internet a las que se accede a trav\u00e9s de la direcci\u00f3n&nbsp;http:\/\/www.motesasl.com<br>Inscrito en el Registro&nbsp;mercantil en:&nbsp;&nbsp;Folio 181 Tomo 31 Hoja 1582 Inscrito en la hoja OR2013 Tomo 213 Folio 19&nbsp;<br><br><br>POL\u00cdTICA DE PRIVACIDAD<br><br>De acuerdo con lo dispuesto en la Ley Org\u00e1nica 15\/99 de 13 de diciembre de 1999 sobre Protecci\u00f3n de Datos de Car\u00e1cter Personal, y en cumplimiento del Reglamento Europeo de Protecci\u00f3n de datos 2016\/679,&nbsp;<br>MOTESA, S.L.&nbsp;y su sitio web&nbsp;http:\/\/www.motesasl.com&nbsp;cumple la legislaci\u00f3n vigente respecto a la protecci\u00f3n de datos personales y de contacto de sus suscriptores y los mantiene en la m\u00e1s estricta confidencialidad. En concordancia con la normativa actualmente vigente en materia de datos (RGPD)&nbsp;as\u00ed como en materia de servicios de la sociedad de la informaci\u00f3n y de comercio electr\u00f3nico (LSSI-CE),&nbsp;el usuario acepta que los datos aportados por medio de esta p\u00e1gina web sean incorporados a ficheros titularidad de&nbsp;MOTESA, S.L.&nbsp;con la finalidad de facilitar la prestaci\u00f3n de los servicios solicitados y el previsible env\u00edo de informaci\u00f3n sobre ofertas, nuevos productos, servicios u otros motivos por los que \u00e9ste deba ponerse en contacto con el usuario\/cliente. Mediante el uso, por parte de cliente\/usuario, de los formularios de contacto y del correo electr\u00f3nico facilitado en esta p\u00e1gina web, autorizan expresamente a&nbsp;MOTESA, S.L.&nbsp;al env\u00edo de comunicaciones comerciales por correo ordinario y\/o electr\u00f3nico, as\u00ed como al previsible contacto telef\u00f3nico con el fin de ofrecer los servicios ofertados. La informaci\u00f3n recibida ser\u00e1 utilizada exclusivamente para prop\u00f3sitos inherentes a cada servicio y no ser\u00e1 comunicada a terceros.\u2028<br>As\u00ed mismo,&nbsp;MOTESA, S.L.&nbsp;guardar\u00e1 los datos de car\u00e1cter personal que haya recabado y adoptar\u00e1 las medidas necesarias para evitar su alteraci\u00f3n, p\u00e9rdida, tratamiento o acceso no autorizado.<br>Los clientes y\/o usuarios de http:\/\/www.motesasl.com pueden, en todo momento, ejercitar los derechos de acceso, rectificaci\u00f3n, supresi\u00f3n, portabilidad, cancelaci\u00f3n u oposici\u00f3n sobre sus datos personales comunic\u00e1ndolo por escrito a MOTESA,S.L., Pol\u00edgono Industrial de San Cipri\u00e1n de Vi\u00f1as, Calle 4 Parcela 21E &#8211; 32901 Ourense o bien enviando un e-mail a:&nbsp;motesasl@gmail.com<br><br>INFORMACI\u00d3N ADICIONAL SOBRE POL\u00cdTICA DE PROTECCI\u00d3N DE DATOS\u2028<br>Desde el 25 de Mayo de 2018 es de aplicaci\u00f3n directa el Reglamento General de Protecci\u00f3n de Datos (RGPD)\u2028\u2028<br>\u00bfQui\u00e9n es el&nbsp;responsable del tratamiento de sus datos personales ?&nbsp;\u2028<br>MOTESA,S.L. con CIF,&nbsp;B-32.104.150 y con domicilio social en Pol. Ind. San Cipri\u00e1n de Vi\u00f1as c\/4 parcela 21E Ourense&nbsp; &nbsp;<br>Datos de contacto del Delegado de Protecci\u00f3n de datos:&nbsp;&nbsp;motesasl@gmail.com<br>\u00bfCu\u00e1l es el \u00e1mbito de aplicaci\u00f3n?&nbsp;<br>La presente pol\u00edtica de Protecci\u00f3n de datos ser\u00e1 de aplicaci\u00f3n para aquellos que formalicen una relaci\u00f3n contractual con&nbsp;MOTESA,S.L.&nbsp;mediante la adquisici\u00f3n de nuestros productos, y para aquellos que voluntariamente se comuniquen con nosotros a trav\u00e9s del correo electr\u00f3nico o a trav\u00e9s del formulario de contacto de nuestro p\u00e1gina web www.motesasl.com<br>\u00bfPara qu\u00e9 se utilizan sus datos personales?&nbsp;<br>\u00c9stos datos ser\u00e1n empleados \u00fanicamente con fines propios de nuestra actividad, as\u00ed como para mantenerle informado sobre cuestiones relativas a la actividad de la empresa y sus servicios, para lo que MOTESA,S.L. requiere la aceptaci\u00f3n expresa por parte del cliente\/usuario.<br>\u00bfCu\u00e1l es la finalidad de la recogida y c\u00f3mo se tratan sus datos?&nbsp;<br>\u00b7Los datos proporcionados por nuestros clientes ser\u00e1n utilizados para llevar a cabo la relaci\u00f3n contractual mediante la adquisici\u00f3n de nuestros productos.&nbsp;<br>\u00b7En caso del env\u00edo de un correo electr\u00f3nico a MOTESA,S.L. o de una comunicaci\u00f3n de datos personales a trav\u00e9s de otro medio, como puede ser un formulario de contacto, la finalidad de la recogida y tratamiento es la atenci\u00f3n de sus consultas y solicitudes de informaci\u00f3n que se planteen sobre nuestros productos.<br>\u00b7En caso del env\u00edo de correo electr\u00f3nico relacionado con nuestras ofertas de empleo, dichos datos ser\u00e1n tratados para participar en los procedimientos de selecci\u00f3n de personal.<br>\u00b7MOTESA,S.L podr\u00e1 informar a sus seguidores en redes sociales, sobre sus actividades y ofertas. En ning\u00fan caso se extraer\u00e1n datos de las redes sociales, si previamente no ha sido autorizado por le usuario.<br>\u00bfCu\u00e1nto tiempo se conservar\u00e1n sus datos?\u2028<br>MOTESA,S.L. conservar\u00e1 sus datos personales durante el tiempo estrictamente necesario para el cumplimiento de las finalidades anteriormente detalladas.&nbsp;<br>MOTESA,S.L. podr\u00e1 mantener debidamente almacenados dichos datos durante el periodo en el que se pudieran derivar responsabilidades de su relaci\u00f3n con el cliente.<br>\u00bfA qui\u00e9n se comunicar\u00e1n sus datos?&nbsp;<br>Los datos no se ceder\u00e1n a terceros salvo en casos en que exista obligaci\u00f3n legal o previamente se consienta expresamente.<br>\u00bfCu\u00e1les son sus derechos cuando se facilitan datos personales?<br>Derecho de acceso, rectificaci\u00f3n, supresi\u00f3n, limitaci\u00f3n, portabilidad u oposici\u00f3n. A trav\u00e9s de carta dirigida a MOTESA,S.L. o a trav\u00e9s de nuestro e-mail.<\/p>\n\n\n\n<h2 class=\"wp-block-heading\"><\/h2>","protected":false},"excerpt":{"rendered":"<p>Aviso legal Informaci\u00f3n general para dar cumplimiento a la Ley de Internet 34\/2002:\u2028Titular: MOTESA, S.L.CIF: B32104150Direcci\u00f3n: Pol\u00edgono Industrial de San Cipri\u00e1n de Vi\u00f1as, Calle 4 &#8211; Parcela 21E 32901&nbsp; OurenseTel\u00e9fono:&hellip;<\/p>","protected":false},"author":1,"featured_media":0,"parent":0,"menu_order":0,"comment_status":"closed","ping_status":"open","template":"","meta":{"footnotes":""},"class_list":["post-3","page","type-page","status-publish","hentry"],"yoast_head":"<!-- This site is optimized with the Yoast SEO plugin v27.2 - https:\/\/yoast.com\/product\/yoast-seo-wordpress\/ -->\n<title>Aviso legal - Motesa<\/title>\n<meta name=\"robots\" content=\"index, follow, max-snippet:-1, max-image-preview:large, max-video-preview:-1\" \/>\n<link rel=\"canonical\" href=\"https:\/\/motesasl.com\/en\/politica-privacidad\/\" \/>\n<meta property=\"og:locale\" content=\"en_GB\" \/>\n<meta property=\"og:type\" content=\"article\" \/>\n<meta property=\"og:title\" content=\"Aviso legal - Motesa\" \/>\n<meta property=\"og:description\" content=\"Aviso legal Informaci\u00f3n general para dar cumplimiento a la Ley de Internet 34\/2002:\u2028Titular: MOTESA, S.L.CIF: B32104150Direcci\u00f3n: Pol\u00edgono Industrial de San Cipri\u00e1n de Vi\u00f1as, Calle 4 &#8211; Parcela 21E 32901&nbsp; OurenseTel\u00e9fono:&hellip;\" \/>\n<meta property=\"og:url\" content=\"https:\/\/motesasl.com\/en\/politica-privacidad\/\" \/>\n<meta property=\"og:site_name\" content=\"Motesa\" \/>\n<meta property=\"article:modified_time\" content=\"2024-05-07T13:10:41+00:00\" \/>\n<meta name=\"twitter:card\" content=\"summary_large_image\" \/>\n<meta name=\"twitter:label1\" content=\"Estimated reading time\" \/>\n\t<meta name=\"twitter:data1\" content=\"5 minutes\" \/>\n<script type=\"application\/ld+json\" class=\"yoast-schema-graph\">{\"@context\":\"https:\/\/schema.org\",\"@graph\":[{\"@type\":\"WebPage\",\"@id\":\"https:\/\/motesasl.com\/politica-privacidad\/\",\"url\":\"https:\/\/motesasl.com\/politica-privacidad\/\",\"name\":\"Aviso legal - Motesa\",\"isPartOf\":{\"@id\":\"https:\/\/motesasl.com\/#website\"},\"datePublished\":\"2024-04-22T08:59:03+00:00\",\"dateModified\":\"2024-05-07T13:10:41+00:00\",\"breadcrumb\":{\"@id\":\"https:\/\/motesasl.com\/politica-privacidad\/#breadcrumb\"},\"inLanguage\":\"en-GB\",\"potentialAction\":[{\"@type\":\"ReadAction\",\"target\":[\"https:\/\/motesasl.com\/politica-privacidad\/\"]}]},{\"@type\":\"BreadcrumbList\",\"@id\":\"https:\/\/motesasl.com\/politica-privacidad\/#breadcrumb\",\"itemListElement\":[{\"@type\":\"ListItem\",\"position\":1,\"name\":\"Portada\",\"item\":\"https:\/\/motesasl.com\/\"},{\"@type\":\"ListItem\",\"position\":2,\"name\":\"Aviso legal\"}]},{\"@type\":\"WebSite\",\"@id\":\"https:\/\/motesasl.com\/#website\",\"url\":\"https:\/\/motesasl.com\/\",\"name\":\"Motesa\",\"description\":\"Empresa espa\u00f1ola con m\u00e1s de 30 a\u00f1os de experiencia dedicada a la comercializaci\u00f3n de calzado a nivel nacional.\",\"publisher\":{\"@id\":\"https:\/\/motesasl.com\/#organization\"},\"potentialAction\":[{\"@type\":\"SearchAction\",\"target\":{\"@type\":\"EntryPoint\",\"urlTemplate\":\"https:\/\/motesasl.com\/?s={search_term_string}\"},\"query-input\":{\"@type\":\"PropertyValueSpecification\",\"valueRequired\":true,\"valueName\":\"search_term_string\"}}],\"inLanguage\":\"en-GB\"},{\"@type\":\"Organization\",\"@id\":\"https:\/\/motesasl.com\/#organization\",\"name\":\"Motesa SL\",\"url\":\"https:\/\/motesasl.com\/\",\"logo\":{\"@type\":\"ImageObject\",\"inLanguage\":\"en-GB\",\"@id\":\"https:\/\/motesasl.com\/#\/schema\/logo\/image\/\",\"url\":\"https:\/\/motesasl.com\/wp-content\/uploads\/2024\/05\/MotesaBrandFavicon.png\",\"contentUrl\":\"https:\/\/motesasl.com\/wp-content\/uploads\/2024\/05\/MotesaBrandFavicon.png\",\"width\":512,\"height\":512,\"caption\":\"Motesa SL\"},\"image\":{\"@id\":\"https:\/\/motesasl.com\/#\/schema\/logo\/image\/\"}}]}<\/script>\n<!-- \/ Yoast SEO plugin. -->","yoast_head_json":{"title":"Aviso legal - Motesa","robots":{"index":"index","follow":"follow","max-snippet":"max-snippet:-1","max-image-preview":"max-image-preview:large","max-video-preview":"max-video-preview:-1"},"canonical":"https:\/\/motesasl.com\/en\/politica-privacidad\/","og_locale":"en_GB","og_type":"article","og_title":"Aviso legal - Motesa","og_description":"Aviso legal Informaci\u00f3n general para dar cumplimiento a la Ley de Internet 34\/2002:\u2028Titular: MOTESA, S.L.CIF: B32104150Direcci\u00f3n: Pol\u00edgono Industrial de San Cipri\u00e1n de Vi\u00f1as, Calle 4 &#8211; Parcela 21E 32901&nbsp; OurenseTel\u00e9fono:&hellip;","og_url":"https:\/\/motesasl.com\/en\/politica-privacidad\/","og_site_name":"Motesa","article_modified_time":"2024-05-07T13:10:41+00:00","twitter_card":"summary_large_image","twitter_misc":{"Estimated reading time":"5 minutes"},"schema":{"@context":"https:\/\/schema.org","@graph":[{"@type":"WebPage","@id":"https:\/\/motesasl.com\/politica-privacidad\/","url":"https:\/\/motesasl.com\/politica-privacidad\/","name":"Aviso legal - Motesa","isPartOf":{"@id":"https:\/\/motesasl.com\/#website"},"datePublished":"2024-04-22T08:59:03+00:00","dateModified":"2024-05-07T13:10:41+00:00","breadcrumb":{"@id":"https:\/\/motesasl.com\/politica-privacidad\/#breadcrumb"},"inLanguage":"en-GB","potentialAction":[{"@type":"ReadAction","target":["https:\/\/motesasl.com\/politica-privacidad\/"]}]},{"@type":"BreadcrumbList","@id":"https:\/\/motesasl.com\/politica-privacidad\/#breadcrumb","itemListElement":[{"@type":"ListItem","position":1,"name":"Portada","item":"https:\/\/motesasl.com\/"},{"@type":"ListItem","position":2,"name":"Aviso legal"}]},{"@type":"WebSite","@id":"https:\/\/motesasl.com\/#website","url":"https:\/\/motesasl.com\/","name":"Motesa","description":"Empresa espa\u00f1ola con m\u00e1s de 30 a\u00f1os de experiencia dedicada a la comercializaci\u00f3n de calzado a nivel nacional.","publisher":{"@id":"https:\/\/motesasl.com\/#organization"},"potentialAction":[{"@type":"SearchAction","target":{"@type":"EntryPoint","urlTemplate":"https:\/\/motesasl.com\/?s={search_term_string}"},"query-input":{"@type":"PropertyValueSpecification","valueRequired":true,"valueName":"search_term_string"}}],"inLanguage":"en-GB"},{"@type":"Organization","@id":"https:\/\/motesasl.com\/#organization","name":"Motesa SL","url":"https:\/\/motesasl.com\/","logo":{"@type":"ImageObject","inLanguage":"en-GB","@id":"https:\/\/motesasl.com\/#\/schema\/logo\/image\/","url":"https:\/\/motesasl.com\/wp-content\/uploads\/2024\/05\/MotesaBrandFavicon.png","contentUrl":"https:\/\/motesasl.com\/wp-content\/uploads\/2024\/05\/MotesaBrandFavicon.png","width":512,"height":512,"caption":"Motesa SL"},"image":{"@id":"https:\/\/motesasl.com\/#\/schema\/logo\/image\/"}}]}},"_links":{"self":[{"href":"https:\/\/motesasl.com\/en\/wp-json\/wp\/v2\/pages\/3","targetHints":{"allow":["GET"]}}],"collection":[{"href":"https:\/\/motesasl.com\/en\/wp-json\/wp\/v2\/pages"}],"about":[{"href":"https:\/\/motesasl.com\/en\/wp-json\/wp\/v2\/types\/page"}],"author":[{"embeddable":true,"href":"https:\/\/motesasl.com\/en\/wp-json\/wp\/v2\/users\/1"}],"replies":[{"embeddable":true,"href":"https:\/\/motesasl.com\/en\/wp-json\/wp\/v2\/comments?post=3"}],"version-history":[{"count":4,"href":"https:\/\/motesasl.com\/en\/wp-json\/wp\/v2\/pages\/3\/revisions"}],"predecessor-version":[{"id":2739,"href":"https:\/\/motesasl.com\/en\/wp-json\/wp\/v2\/pages\/3\/revisions\/2739"}],"wp:attachment":[{"href":"https:\/\/motesasl.com\/en\/wp-json\/wp\/v2\/media?parent=3"}],"curies":[{"name":"wp","href":"https:\/\/api.w.org\/{rel}","templated":true}]}}

<h4 class="wp-block-heading has-text-align-left">Aviso legal</h4>



<p>Información general para dar cumplimiento a la Ley de Internet 34/2002: <br>Titular: MOTESA, S.L.<br>CIF: B32104150<br>Dirección: Polígono Industrial de San Ciprián de Viñas, Calle 4 &#8211; Parcela 21E 32901&nbsp; Ourense<br>Teléfono: +34 988 38 45 45&nbsp;&nbsp;<br>Fax: +34 988 38 49 57&nbsp;&nbsp;<br>E-mail:&nbsp;motesasl@gmail.com<br>MOTESA, S.L.&nbsp;es propietaria del nombre de dominio y páginas en Internet a las que se accede a través de la dirección&nbsp;http://www.motesasl.com<br>Inscrito en el Registro&nbsp;mercantil en:&nbsp;&nbsp;Folio 181 Tomo 31 Hoja 1582 Inscrito en la hoja OR2013 Tomo 213 Folio 19&nbsp;<br><br><br>POLÍTICA DE PRIVACIDAD<br><br>De acuerdo con lo dispuesto en la Ley Orgánica 15/99 de 13 de diciembre de 1999 sobre Protección de Datos de Carácter Personal, y en cumplimiento del Reglamento Europeo de Protección de datos 2016/679,&nbsp;<br>MOTESA, S.L.&nbsp;y su sitio web&nbsp;http://www.motesasl.com&nbsp;cumple la legislación vigente respecto a la protección de datos personales y de contacto de sus suscriptores y los mantiene en la más estricta confidencialidad. En concordancia con la normativa actualmente vigente en materia de datos (RGPD)&nbsp;así como en materia de servicios de la sociedad de la información y de comercio electrónico (LSSI-CE),&nbsp;el usuario acepta que los datos aportados por medio de esta página web sean incorporados a ficheros titularidad de&nbsp;MOTESA, S.L.&nbsp;con la finalidad de facilitar la prestación de los servicios solicitados y el previsible envío de información sobre ofertas, nuevos productos, servicios u otros motivos por los que éste deba ponerse en contacto con el usuario/cliente. Mediante el uso, por parte de cliente/usuario, de los formularios de contacto y del correo electrónico facilitado en esta página web, autorizan expresamente a&nbsp;MOTESA, S.L.&nbsp;al envío de comunicaciones comerciales por correo ordinario y/o electrónico, así como al previsible contacto telefónico con el fin de ofrecer los servicios ofertados. La información recibida será utilizada exclusivamente para propósitos inherentes a cada servicio y no será comunicada a terceros. <br>Así mismo,&nbsp;MOTESA, S.L.&nbsp;guardará los datos de carácter personal que haya recabado y adoptará las medidas necesarias para evitar su alteración, pérdida, tratamiento o acceso no autorizado.<br>Los clientes y/o usuarios de http://www.motesasl.com pueden, en todo momento, ejercitar los derechos de acceso, rectificación, supresión, portabilidad, cancelación u oposición sobre sus datos personales comunicándolo por escrito a MOTESA,S.L., Polígono Industrial de San Ciprián de Viñas, Calle 4 Parcela 21E &#8211; 32901 Ourense o bien enviando un e-mail a:&nbsp;motesasl@gmail.com<br><br>INFORMACIÓN ADICIONAL SOBRE POLÍTICA DE PROTECCIÓN DE DATOS <br>Desde el 25 de Mayo de 2018 es de aplicación directa el Reglamento General de Protección de Datos (RGPD)  <br>¿Quién es el&nbsp;responsable del tratamiento de sus datos personales ?&nbsp; <br>MOTESA,S.L. con CIF,&nbsp;B-32.104.150 y con domicilio social en Pol. Ind. San Ciprián de Viñas c/4 parcela 21E Ourense&nbsp; &nbsp;<br>Datos de contacto del Delegado de Protección de datos:&nbsp;&nbsp;motesasl@gmail.com<br>¿Cuál es el ámbito de aplicación?&nbsp;<br>La presente política de Protección de datos será de aplicación para aquellos que formalicen una relación contractual con&nbsp;MOTESA,S.L.&nbsp;mediante la adquisición de nuestros productos, y para aquellos que voluntariamente se comuniquen con nosotros a través del correo electrónico o a través del formulario de contacto de nuestro página web www.motesasl.com<br>¿Para qué se utilizan sus datos personales?&nbsp;<br>Éstos datos serán empleados únicamente con fines propios de nuestra actividad, así como para mantenerle informado sobre cuestiones relativas a la actividad de la empresa y sus servicios, para lo que MOTESA,S.L. requiere la aceptación expresa por parte del cliente/usuario.<br>¿Cuál es la finalidad de la recogida y cómo se tratan sus datos?&nbsp;<br>·Los datos proporcionados por nuestros clientes serán utilizados para llevar a cabo la relación contractual mediante la adquisición de nuestros productos.&nbsp;<br>·En caso del envío de un correo electrónico a MOTESA,S.L. o de una comunicación de datos personales a través de otro medio, como puede ser un formulario de contacto, la finalidad de la recogida y tratamiento es la atención de sus consultas y solicitudes de información que se planteen sobre nuestros productos.<br>·En caso del envío de correo electrónico relacionado con nuestras ofertas de empleo, dichos datos serán tratados para participar en los procedimientos de selección de personal.<br>·MOTESA,S.L podrá informar a sus seguidores en redes sociales, sobre sus actividades y ofertas. En ningún caso se extraerán datos de las redes sociales, si previamente no ha sido autorizado por le usuario.<br>¿Cuánto tiempo se conservarán sus datos? <br>MOTESA,S.L. conservará sus datos personales durante el tiempo estrictamente necesario para el cumplimiento de las finalidades anteriormente detalladas.&nbsp;<br>MOTESA,S.L. podrá mantener debidamente almacenados dichos datos durante el periodo en el que se pudieran derivar responsabilidades de su relación con el cliente.<br>¿A quién se comunicarán sus datos?&nbsp;<br>Los datos no se cederán a terceros salvo en casos en que exista obligación legal o previamente se consienta expresamente.<br>¿Cuáles son sus derechos cuando se facilitan datos personales?<br>Derecho de acceso, rectificación, supresión, limitación, portabilidad u oposición. A través de carta dirigida a MOTESA,S.L. o a través de nuestro e-mail.</p>



<h2 class="wp-block-heading"></h2>

<p>Aviso legal Información general para dar cumplimiento a la Ley de Internet 34/2002: Titular: MOTESA, S.L.CIF: B32104150Dirección: Polígono Industrial de San Ciprián de Viñas, Calle 4 &#8211; Parcela 21E 32901&nbsp; OurenseTeléfono:&hellip;</p>

<!-- This site is optimized with the Yoast SEO plugin v27.2 - https://yoast.com/product/yoast-seo-wordpress/ -->
<title>Aviso legal - Motesa</title>
<meta name="robots" content="index, follow, max-snippet:-1, max-image-preview:large, max-video-preview:-1" />
<link rel="canonical" href="https://motesasl.com/en/politica-privacidad/" />
<meta property="og:locale" content="en_GB" />
<meta property="og:type" content="article" />
<meta property="og:title" content="Aviso legal - Motesa" />
<meta property="og:description" content="Aviso legal Información general para dar cumplimiento a la Ley de Internet 34/2002: Titular: MOTESA, S.L.CIF: B32104150Dirección: Polígono Industrial de San Ciprián de Viñas, Calle 4 &#8211; Parcela 21E 32901&nbsp; OurenseTeléfono:&hellip;" />
<meta property="og:url" content="https://motesasl.com/en/politica-privacidad/" />
<meta property="og:site_name" content="Motesa" />
<meta property="article:modified_time" content="2024-05-07T13:10:41+00:00" />
<meta name="twitter:card" content="summary_large_image" />
<meta name="twitter:label1" content="Estimated reading time" />
	<meta name="twitter:data1" content="5 minutes" />
<script type="application/ld+json" class="yoast-schema-graph">{"@context":"https://schema.org","@graph":[{"@type":"WebPage","@id":"https://motesasl.com/politica-privacidad/","url":"https://motesasl.com/politica-privacidad/","name":"Aviso legal - Motesa","isPartOf":{"@id":"https://motesasl.com/#website"},"datePublished":"2024-04-22T08:59:03+00:00","dateModified":"2024-05-07T13:10:41+00:00","breadcrumb":{"@id":"https://motesasl.com/politica-privacidad/#breadcrumb"},"inLanguage":"en-GB","potentialAction":[{"@type":"ReadAction","target":["https://motesasl.com/politica-privacidad/"]}]},{"@type":"BreadcrumbList","@id":"https://motesasl.com/politica-privacidad/#breadcrumb","itemListElement":[{"@type":"ListItem","position":1,"name":"Portada","item":"https://motesasl.com/"},{"@type":"ListItem","position":2,"name":"Aviso legal"}]},{"@type":"WebSite","@id":"https://motesasl.com/#website","url":"https://motesasl.com/","name":"Motesa","description":"Empresa española con más de 30 años de experiencia dedicada a la comercialización de calzado a nivel nacional.","publisher":{"@id":"https://motesasl.com/#organization"},"potentialAction":[{"@type":"SearchAction","target":{"@type":"EntryPoint","urlTemplate":"https://motesasl.com/?s={search_term_string}"},"query-input":{"@type":"PropertyValueSpecification","valueRequired":true,"valueName":"search_term_string"}}],"inLanguage":"en-GB"},{"@type":"Organization","@id":"https://motesasl.com/#organization","name":"Motesa SL","url":"https://motesasl.com/","logo":{"@type":"ImageObject","inLanguage":"en-GB","@id":"https://motesasl.com/#/schema/logo/image/","url":"https://motesasl.com/wp-content/uploads/2024/05/MotesaBrandFavicon.png","contentUrl":"https://motesasl.com/wp-content/uploads/2024/05/MotesaBrandFavicon.png","width":512,"height":512,"caption":"Motesa SL"},"image":{"@id":"https://motesasl.com/#/schema/logo/image/"}}]}</script>
<!-- / Yoast SEO plugin. -->

Aviso legal Información general para dar cumplimiento a la Ley de Internet 34/2002: Titular: MOTESA, S.L.CIF: B32104150Dirección: Polígono Industrial de San Ciprián de Viñas, Calle 4 &#8211; Parcela 21E 32901&nbsp; OurenseTeléfono:&hellip;

Empresa española con más de 30 años de experiencia dedicada a la comercialización de calzado a nivel nacional.
